s - 22. Let p be d(-20). Let o(z) = -4*z**3 - 3*z**2 + 6*z + 5. Calculate the remainder when 63 is divided by o(p).
11
Suppose -2*u + 69 - 23 = 0. Calculate the remainder when 181 is divided by u.
20
Suppose -3*w + b + 56 = 0, 50 + 33 = 4*w - 3*b. Let m = 33 - w. What is the remainder when ((-45)/2)/((-4)/8) is divided by m?
13
Let q = -12 + 29. Suppose 2*m = 3 + 5. Calculate the remainder when q is divided by m.
1
Let z = 584 + -306. What is the remainder when z is divided by 9?
8
Let k = 956 + -908. Suppose -g - 118 = -6*g - 4*u, u + 3 = 0. What is the remainder when k is divided by g?
22
What is the remainder when 29 is divided by 470/141 - 1/3?
2
Calculate the remainder when 135 - -5*(-8)/4 is divided by 43.
39
Let s(y) = 27*y + 10. What is the remainder when s(4) is divided by 62?
56
Let b(i) = 23*i**2 - 7*i - 20. Calculate the remainder when b(-2) is divided by 22.
20
Let h = -37 - -40. Suppose -135 = -h*r - 15. Calculate the remainder when ((-304)/r)/((-4)/10) is divided by 5.
4
Let k(s) = 17*s**2 + 9*s + 7. What is the remainder when 42 is divided by k(-1)?
12
Suppose -2360 = 8*o - 440. Let s = 386 + o. What is the remainder when s is divided by 37?
35
Suppose 138 = 52*t - 29*t. Calculate the remainder when 15 is divided by t.
3
Let v = 28 - 29. Let a be 4 + 44 + 3 + v. Suppose 6*s - 2*s = -2*r + a, -4*r = -s - 10. What is the remainder when 19 is divided by s?
9
Let o = 27 + -13. Let h = o - -13. Calculate the remainder when 53 is divided by h.
26
Let a(b) = b**2 + 9*b + 36. Calculate the remainder when 4/6*738/12 is divided by a(-5).
9
Let c be (288/(-54))/((-2)/6). Let k = 26 - c. What is the remainder when k is divided by 4?
2
Let q(y) = -172*y**3 - 5*y**2 - y + 1. What is the remainder when q(-1) is divided by 35?
29
Suppose -5*r - 2 = 5*t + 8, -r + 5*t - 14 = 0. Let z = 11 + r. Suppose 0 = 313*j - 306*j - 168. What is the remainder when j is divided by z?
3
Let d(n) = -n**2 + 25*n + 69. Let a(b) = 4*b**2 - b - 7. Let h be a(3). What is the remainder when 212 is divided by d(h)?
40
Let u(w) = -7*w + 46. Let n be u(-4). Suppose 22 = 12*c - n. What is the remainder when 77 is divided by c?
5
Let y(n) = 5*n**2 - 4*n - 12. Calculate the remainder when 77 is divided by y(-2).
13
Let a = 4 - -4. Let g(z) = -z**2 + 17*z + 19. Let r be g(a). What is the remainder when (-20)/2*r/(-26) is divided by 12?
11
Suppose -3*f + 14 = 2. Suppose -5*o + f*n + 22 = 0, -2*n + 28 = o + 3*o. Calculate the remainder when 15 is divided by o.
3
Suppose 86*k = 87*k + 85. Let r = 92 + k. What is the remainder when 41 is divided by r?
6
Suppose -9*x = -59 + 14. Let k = x - -5. What is the remainder when 37 is divided by k?
7
Suppose 6*j = 3*n + j - 232, 5*j = -5*n + 360. What is the remainder when 144 is divided by n?
70
Suppose 0 = -p + 20*p - 1463. Let m = -35 + p. What is the remainder when m is divided by 12?
6
Let j be 1/1*(-4 + 75). Suppose l - 5*l = p - 126, -3*p = -6. Let t = j - l. What is the remainder when t is divided by 14?
12
Suppose 2*m = 4*m - 14. Suppose m - 1 = f. Calculate the remainder when 14 is divided by f.
2
Let a = 9 + 6. What is the remainder when 104 is divided by a?
14
Let u(m) be the third derivative of -m**4/24 + m**3 - 4*m**2. Let c be u(6). Suppose -p + 16 + 65 = c. Calculate the remainder when p is divided by 28.
25
Suppose 10*y = 5*y. Suppose 2*d - 6 + y = 0. Suppose 4*v = d + 9. What is the remainder when 11 is divided by v?
2
Suppose 5*h = -3*c + 3*h + 219, -2*h = -3*c + 207. Calculate the remainder when c is divided by 38.
33
Suppose 0 = 4*u + 4*n - 624, 22*u - 17*u - 768 = n. Calculate the remainder when u is divided by 16.
10
Let l(k) = k**2 + 7*k + 2. Let h be l(-7). Suppose 12 + 38 = h*i. Calculate the remainder when 72 is divided by i.
22
Let i be ((-2)/2)/((-2)/38). Let f = -9 + i. What is the remainder when 35 - -3 - 0/(6 - 2) is divided by f?
8
Let w = -5 + 10. Suppose 4 - 39 = -w*j. Suppose -2 + j = z. What is the remainder when 19 is divided by z?
4
Let l(u) = u**2 - 5. Let v(q) = -2*q + 14. Let m be v(9). Let y be l(m). Suppose 3*c + 5 = y. Calculate the remainder when 8 is divided by c.
0
Let z(x) = -x**3 + x**2 + x + 2. Let i be z(0). Let c = -3301 - -3334. Calculate the remainder when c is divided by 71/4 + i/8.
15
Let a = 26 + -7. Suppose 0 = -p + 5*o + 21, 0*p + 3*o = p - 17. What is the remainder when a is divided by p?
8
Let w be (8/6 - 1)/((-4)/(-228)). Let u = 23 - w. Calculate the remainder when 8 is divided by u.
0
Let a(u) = -7*u - 27. Let b(r) = 8*r + 27. Let c(d) = -6*a(d) - 5*b(d). Calculate the remainder when c(7) is divided by 23.
18
Suppose -27*a - 18*a + 405 = 0. Calculate the remainder when 10 is divided by a.
1
Let s(z) = 6*z + 7. Let p be s(-5). Let h = p + 146. Calculate the remainder when h is divided by ((-21)/(-4))/((-2)/(-8)).
18
Let v(j) = j**2 - 2*j - 2. Let x be v(-2). Suppose 272 = 4*c + 3*k - 25, -5*c = -4*k - 379. Calculate the remainder when c is divided by 2*(2 + 45/x).
18
Let f(d) = 22*d**2 - 22*d + 49. What is the remainder when 463 is divided by f(2)?
91
Suppose -3*j + 18 = -n, n + 3 + 0 = 0. Suppose 2*y = -j*y + 70. Calculate the remainder when 39 is divided by y.
9
Suppose -15411 = -41*r + 30*r. What is the remainder when r is divided by 39?
36
Suppose 110*k = 114*k - 72. What is the remainder when 193 is divided by k?
13
Suppose 7 = -2*m + 13. Suppose 5 + 0 = x + m*a, 0 = 2*a - 10. Let h(f) = f**2 + 10*f + 3. What is the remainder when 5 is divided by h(x)?
2
Suppose 5*a - 5*f = -374 + 94, -3*a + 4*f - 173 = 0. Let v = 58 + a. Let g(r) = -r**3 - 5*r**2 - 2*r - 6. Calculate the remainder when v is divided by g(-5).
3
Suppose -42758 = -75*q + 53092. What is the remainder when q is divided by 21?
18
Suppose -2*x - 33 = -67. Calculate the remainder when 270 is divided by x.
15
Suppose -14*w - 599 = -1747. Suppose 3*l - 66 = -3. Calculate the remainder when w is divided by l.
19
Suppose -2 = 4*p - 5*u - 33, -2*p = -3*u - 17. Suppose 14*v = 218 + 34. Calculate the remainder when v is divided by p.
2
Suppose 7*p = 13 + 99. Calculate the remainder when 244 is divided by p.
4
Suppose -2*w + 10 = 4. Let f = 17 + -15. Suppose 3*v + 2*a = -f*a + 4, -3*a + 17 = 4*v. What is the remainder when v is divided by w?
2
Let u(v) = -3*v + 145. What is the remainder when 339 is divided by u(38)?
29
Let o = -38 + 73. Suppose z + z = 7*z. Suppose 2*x - x - 9 = z. Calculate the remainder when o is divided by x.
8
Let d = -604 - -734. What is the remainder when d is divided by 3/5 - 416/(-40)?
9
Suppose q + 2*q = 9. What is the remainder when 37 is divided by q?
1
Let l = -797 - -817. Let q(g) = g**3 - 8*g**2 - 15*g + 9. Calculate the remainder when q(10) is divided by l.
19
Let q(w) = 10*w - 5. Let s be 11/3*(3 - -51). Suppose 0 = 4*i - s - 26. Calculate the remainder when i is divided by q(2).
11
Suppose -a + 5 = 0, 0*b + 2*a = 3*b + 4. Suppose -12 = -b*k + 2*f - 5*f, 2*f - 28 = -3*k. What is the remainder when 31 is divided by 194/k - (-4)/(-24)?
15
Let q = -40 - -46. Suppose -q*m + 10 = -4*m. Calculate the remainder when 19 is divided by m.
4
Let z be (63/15)/1*5. Suppose -3*v = 2*t + v + 6, 4*t - z = 3*v. What is the remainder when t is divided by 2?
1
Suppose -13*s + 113 + 108 = 0. Calculate the remainder when 66 is divided by s.
15
Suppose 105 + 413 = 7*j. What is the remainder when 367 is divided by j?
71
Suppose w - 259 = 148. What is the remainder when w is divided by 52?
43
Let k = 3 + -2. Let d be k/4 - 198/(-8). Let q = d + -7. Calculate the remainder when 52 is divided by q.
16
Calculate the remainder when (-54 - -51)*(-236)/6 is divided by 46.
26
Let g be 43386/35 + 3/(-5). Suppose -3*u + q + 741 = 0, -4*u - u + g = -3*q. Calculate the remainder when u is divided by 31.
29
Calculate the remainder when (-29)/2*(-168)/7 is divided by 22.
18
Suppose -3*r + 0*r = -18. Suppose -t + r = t. Let d = -20 - -28. Calculate the remainder when d is divided by t.
2
Let u(i) = -i**3 - 60*i**2 + 61*i + 20. Let l(p) = 2*p**2 + 2*p - 2. Calculate the remainder when l(-5) is divided by u(-61).
18
Let o(y) = -y**2 + 33*y - 22. Calculate the remainder when o(30) is divided by 3.
2
Let q(f) = 2*f**2 + 10*f - 10. Calculate the remainder when 8 is divided by q(-6).
0
Let w = 123 + -264. Calculate the r